{"id":136,"date":"2024-10-03T17:16:41","date_gmt":"2024-10-03T15:16:41","guid":{"rendered":"https:\/\/caralia.fr\/?page_id=136"},"modified":"2025-03-13T10:44:51","modified_gmt":"2025-03-13T09:44:51","slug":"methodologie-audit","status":"publish","type":"page","link":"https:\/\/caralia.fr\/index.php\/missions\/methodologie-audit\/","title":{"rendered":"M\u00e9thodologie d&#8217;Audit"},"content":{"rendered":"\n<p>Caralia effectue des audit de deux types :<\/p>\n\n\n\n<ul class=\"wp-block-list\">\n<li>Audit d&#8217;\u00e9valuation de la performance<\/li>\n\n\n\n<li>Audit de v\u00e9rification de la conformit\u00e9 du processus<\/li>\n\n\n\n<li>Audit pr\u00e9alable \u00e0 cession ou acquisition<\/li>\n<\/ul>\n\n\n\n<p>La m\u00e9thodologie d&#8217;audit est la suivante :<\/p>\n\n\n\n<ul class=\"wp-block-list\">\n<li>phase 1 :  Approche. Sur la base d&#8217;entretien et d&#8217;analyse de premiers documents, d\u00e9finition des axes de travaux les plus pertinents.<\/li>\n\n\n\n<li>phase 2:  Travaux d\u00e9taill\u00e9s. Travail d&#8217;analyse d\u00e9taill\u00e9 par entretien, analyse de documents, analyse de donn\u00e9es, &#8230;<\/li>\n\n\n\n<li>phase 3 : Validation et Restitution. Validation avec l&#8217;\u00e9quipe audit\u00e9 des constats, que ce soit des points forts ou des points faibles, proposition de recommandation. Restitution \u00e0 la Direction.<\/li>\n<\/ul>\n\n\n\n<p>&#8212;<\/p>\n\n\n\n<p>Une mission de mise en oeuvre des recommandations peut \u00e9galement \u00eatre effectu\u00e9e \u00e0 l&#8217;issue de l&#8217;Audit.<\/p>\n\n\n\n<p><\/p>\n","protected":false},"excerpt":{"rendered":"<p>Caralia effectue des audit de deux types : La m\u00e9thodologie d&#8217;audit est la suivante : &#8212; Une mission de mise en oeuvre des recommandations peut \u00e9galement \u00eatre effectu\u00e9e \u00e0 l&#8217;issue de l&#8217;Audit.<\/p>\n","protected":false},"author":1,"featured_media":0,"parent":11,"menu_order":0,"comment_status":"closed","ping_status":"closed","template":"","meta":{"footnotes":""},"class_list":["post-136","page","type-page","status-publish","hentry"],"yoast_head":"<!-- This site is optimized with the Yoast SEO plugin v27.2 - https:\/\/yoast.com\/product\/yoast-seo-wordpress\/ -->\n<title>M\u00e9thodologie d&#039;Audit - CARALIA conseil, audit, manager freelance<\/title>\n<meta name=\"description\" content=\"M\u00e9thodologie audit : approche, travaux d\u00e9taill\u00e9es, validation et restitution. Audit de performance et de conformit\u00e9 des processus.\" \/>\n<meta name=\"robots\" content=\"index, follow, max-snippet:-1, max-image-preview:large, max-video-preview:-1\" \/>\n<link rel=\"canonical\" href=\"https:\/\/caralia.fr\/index.php\/missions\/methodologie-audit\/\" \/>\n<meta property=\"og:locale\" content=\"en_US\" \/>\n<meta property=\"og:type\" content=\"article\" \/>\n<meta property=\"og:title\" content=\"M\u00e9thodologie d&#039;Audit - CARALIA conseil, audit, manager freelance\" \/>\n<meta property=\"og:description\" content=\"M\u00e9thodologie audit : approche, travaux d\u00e9taill\u00e9es, validation et restitution. Audit de performance et de conformit\u00e9 des processus.\" \/>\n<meta property=\"og:url\" content=\"https:\/\/caralia.fr\/index.php\/missions\/methodologie-audit\/\" \/>\n<meta property=\"og:site_name\" content=\"CARALIA\" \/>\n<meta property=\"article:modified_time\" content=\"2025-03-13T09:44:51+00:00\" \/>\n<meta property=\"og:image\" content=\"https:\/\/caralia.fr\/wp-content\/uploads\/2024\/10\/logo-Caralia-conseil.png\" \/>\n\t<meta property=\"og:image:width\" content=\"1200\" \/>\n\t<meta property=\"og:image:height\" content=\"675\" \/>\n\t<meta property=\"og:image:type\" content=\"image\/png\" \/>\n<meta name=\"twitter:card\" content=\"summary_large_image\" \/>\n<meta name=\"twitter:label1\" content=\"Est. reading time\" \/>\n\t<meta name=\"twitter:data1\" content=\"1 minute\" \/>\n<script type=\"application\/ld+json\" class=\"yoast-schema-graph\">{\"@context\":\"https:\/\/schema.org\",\"@graph\":[{\"@type\":\"WebPage\",\"@id\":\"https:\/\/caralia.fr\/index.php\/missions\/methodologie-audit\/\",\"url\":\"https:\/\/caralia.fr\/index.php\/missions\/methodologie-audit\/\",\"name\":\"M\u00e9thodologie d'Audit - CARALIA conseil, audit, manager freelance\",\"isPartOf\":{\"@id\":\"https:\/\/caralia.fr\/#website\"},\"datePublished\":\"2024-10-03T15:16:41+00:00\",\"dateModified\":\"2025-03-13T09:44:51+00:00\",\"description\":\"M\u00e9thodologie audit : approche, travaux d\u00e9taill\u00e9es, validation et restitution. Audit de performance et de conformit\u00e9 des processus.\",\"breadcrumb\":{\"@id\":\"https:\/\/caralia.fr\/index.php\/missions\/methodologie-audit\/#breadcrumb\"},\"inLanguage\":\"en-US\",\"potentialAction\":[{\"@type\":\"ReadAction\",\"target\":[\"https:\/\/caralia.fr\/index.php\/missions\/methodologie-audit\/\"]}]},{\"@type\":\"BreadcrumbList\",\"@id\":\"https:\/\/caralia.fr\/index.php\/missions\/methodologie-audit\/#breadcrumb\",\"itemListElement\":[{\"@type\":\"ListItem\",\"position\":1,\"name\":\"Accueil\",\"item\":\"https:\/\/caralia.fr\/\"},{\"@type\":\"ListItem\",\"position\":2,\"name\":\"Missions\",\"item\":\"https:\/\/caralia.fr\/index.php\/missions\/\"},{\"@type\":\"ListItem\",\"position\":3,\"name\":\"M\u00e9thodologie d&rsquo;Audit\"}]},{\"@type\":\"WebSite\",\"@id\":\"https:\/\/caralia.fr\/#website\",\"url\":\"https:\/\/caralia.fr\/\",\"name\":\"CARALIA, conseil en gestion d'entreprise, organisation, strat\u00e9gie, audit. Management de transition. Chamb\u00e9ry, Annecy, Grenoble.\",\"description\":\"Conseil, Audit, Manager freelance\",\"publisher\":{\"@id\":\"https:\/\/caralia.fr\/#organization\"},\"alternateName\":\"CARALIA, conseil, audit, manager\",\"potentialAction\":[{\"@type\":\"SearchAction\",\"target\":{\"@type\":\"EntryPoint\",\"urlTemplate\":\"https:\/\/caralia.fr\/?s={search_term_string}\"},\"query-input\":{\"@type\":\"PropertyValueSpecification\",\"valueRequired\":true,\"valueName\":\"search_term_string\"}}],\"inLanguage\":\"en-US\"},{\"@type\":\"Organization\",\"@id\":\"https:\/\/caralia.fr\/#organization\",\"name\":\"CARALIA\",\"url\":\"https:\/\/caralia.fr\/\",\"logo\":{\"@type\":\"ImageObject\",\"inLanguage\":\"en-US\",\"@id\":\"https:\/\/caralia.fr\/#\/schema\/logo\/image\/\",\"url\":\"https:\/\/caralia.fr\/wp-content\/uploads\/2024\/10\/cropped-cropped-icone-site-caralia-blanc-1.jpg\",\"contentUrl\":\"https:\/\/caralia.fr\/wp-content\/uploads\/2024\/10\/cropped-cropped-icone-site-caralia-blanc-1.jpg\",\"width\":250,\"height\":250,\"caption\":\"CARALIA\"},\"image\":{\"@id\":\"https:\/\/caralia.fr\/#\/schema\/logo\/image\/\"},\"sameAs\":[\"https:\/\/www.linkedin.com\/in\/nicolas-aliacar-4922266\/\"]}]}<\/script>\n<!-- \/ Yoast SEO plugin. -->","yoast_head_json":{"title":"M\u00e9thodologie d'Audit - CARALIA conseil, audit, manager freelance","description":"M\u00e9thodologie audit : approche, travaux d\u00e9taill\u00e9es, validation et restitution. Audit de performance et de conformit\u00e9 des processus.","robots":{"index":"index","follow":"follow","max-snippet":"max-snippet:-1","max-image-preview":"max-image-preview:large","max-video-preview":"max-video-preview:-1"},"canonical":"https:\/\/caralia.fr\/index.php\/missions\/methodologie-audit\/","og_locale":"en_US","og_type":"article","og_title":"M\u00e9thodologie d'Audit - CARALIA conseil, audit, manager freelance","og_description":"M\u00e9thodologie audit : approche, travaux d\u00e9taill\u00e9es, validation et restitution. Audit de performance et de conformit\u00e9 des processus.","og_url":"https:\/\/caralia.fr\/index.php\/missions\/methodologie-audit\/","og_site_name":"CARALIA","article_modified_time":"2025-03-13T09:44:51+00:00","og_image":[{"width":1200,"height":675,"url":"https:\/\/caralia.fr\/wp-content\/uploads\/2024\/10\/logo-Caralia-conseil.png","type":"image\/png"}],"twitter_card":"summary_large_image","twitter_misc":{"Est. reading time":"1 minute"},"schema":{"@context":"https:\/\/schema.org","@graph":[{"@type":"WebPage","@id":"https:\/\/caralia.fr\/index.php\/missions\/methodologie-audit\/","url":"https:\/\/caralia.fr\/index.php\/missions\/methodologie-audit\/","name":"M\u00e9thodologie d'Audit - CARALIA conseil, audit, manager freelance","isPartOf":{"@id":"https:\/\/caralia.fr\/#website"},"datePublished":"2024-10-03T15:16:41+00:00","dateModified":"2025-03-13T09:44:51+00:00","description":"M\u00e9thodologie audit : approche, travaux d\u00e9taill\u00e9es, validation et restitution. Audit de performance et de conformit\u00e9 des processus.","breadcrumb":{"@id":"https:\/\/caralia.fr\/index.php\/missions\/methodologie-audit\/#breadcrumb"},"inLanguage":"en-US","potentialAction":[{"@type":"ReadAction","target":["https:\/\/caralia.fr\/index.php\/missions\/methodologie-audit\/"]}]},{"@type":"BreadcrumbList","@id":"https:\/\/caralia.fr\/index.php\/missions\/methodologie-audit\/#breadcrumb","itemListElement":[{"@type":"ListItem","position":1,"name":"Accueil","item":"https:\/\/caralia.fr\/"},{"@type":"ListItem","position":2,"name":"Missions","item":"https:\/\/caralia.fr\/index.php\/missions\/"},{"@type":"ListItem","position":3,"name":"M\u00e9thodologie d&rsquo;Audit"}]},{"@type":"WebSite","@id":"https:\/\/caralia.fr\/#website","url":"https:\/\/caralia.fr\/","name":"CARALIA, conseil en gestion d'entreprise, organisation, strat\u00e9gie, audit. Management de transition. Chamb\u00e9ry, Annecy, Grenoble.","description":"Conseil, Audit, Manager freelance","publisher":{"@id":"https:\/\/caralia.fr\/#organization"},"alternateName":"CARALIA, conseil, audit, manager","potentialAction":[{"@type":"SearchAction","target":{"@type":"EntryPoint","urlTemplate":"https:\/\/caralia.fr\/?s={search_term_string}"},"query-input":{"@type":"PropertyValueSpecification","valueRequired":true,"valueName":"search_term_string"}}],"inLanguage":"en-US"},{"@type":"Organization","@id":"https:\/\/caralia.fr\/#organization","name":"CARALIA","url":"https:\/\/caralia.fr\/","logo":{"@type":"ImageObject","inLanguage":"en-US","@id":"https:\/\/caralia.fr\/#\/schema\/logo\/image\/","url":"https:\/\/caralia.fr\/wp-content\/uploads\/2024\/10\/cropped-cropped-icone-site-caralia-blanc-1.jpg","contentUrl":"https:\/\/caralia.fr\/wp-content\/uploads\/2024\/10\/cropped-cropped-icone-site-caralia-blanc-1.jpg","width":250,"height":250,"caption":"CARALIA"},"image":{"@id":"https:\/\/caralia.fr\/#\/schema\/logo\/image\/"},"sameAs":["https:\/\/www.linkedin.com\/in\/nicolas-aliacar-4922266\/"]}]}},"_links":{"self":[{"href":"https:\/\/caralia.fr\/index.php\/wp-json\/wp\/v2\/pages\/136","targetHints":{"allow":["GET"]}}],"collection":[{"href":"https:\/\/caralia.fr\/index.php\/wp-json\/wp\/v2\/pages"}],"about":[{"href":"https:\/\/caralia.fr\/index.php\/wp-json\/wp\/v2\/types\/page"}],"author":[{"embeddable":true,"href":"https:\/\/caralia.fr\/index.php\/wp-json\/wp\/v2\/users\/1"}],"replies":[{"embeddable":true,"href":"https:\/\/caralia.fr\/index.php\/wp-json\/wp\/v2\/comments?post=136"}],"version-history":[{"count":6,"href":"https:\/\/caralia.fr\/index.php\/wp-json\/wp\/v2\/pages\/136\/revisions"}],"predecessor-version":[{"id":316,"href":"https:\/\/caralia.fr\/index.php\/wp-json\/wp\/v2\/pages\/136\/revisions\/316"}],"up":[{"embeddable":true,"href":"https:\/\/caralia.fr\/index.php\/wp-json\/wp\/v2\/pages\/11"}],"wp:attachment":[{"href":"https:\/\/caralia.fr\/index.php\/wp-json\/wp\/v2\/media?parent=136"}],"curies":[{"name":"wp","href":"https:\/\/api.w.org\/{rel}","templated":true}]}}