{"id":11,"date":"2024-10-02T10:22:11","date_gmt":"2024-10-02T08:22:11","guid":{"rendered":"http:\/\/caralia.fr\/?page_id=11"},"modified":"2024-11-12T15:00:31","modified_gmt":"2024-11-12T14:00:31","slug":"missions","status":"publish","type":"page","link":"https:\/\/caralia.fr\/index.php\/missions\/","title":{"rendered":"Missions"},"content":{"rendered":"\n<p>Mission de Conseil, audit, ou Manager Freelance \u00e0 temps partag\u00e9 : j\u2019interviens avec pragmatisme et proximit\u00e9, engag\u00e9 vers le succ\u00e8s de la mission.<br>CARALIA vous accompagne :<\/p>\n\n\n\n<div class=\"wp-block-columns is-layout-flex wp-container-core-columns-is-layout-9d6595d7 wp-block-columns-is-layout-flex\">\n<div class=\"wp-block-column is-layout-flow wp-block-column-is-layout-flow\">\n<p><strong>Mode d&#8217;intervention flexible<\/strong><\/p>\n\n\n\n<ul class=\"wp-block-list\">\n<li>Manager \u00e0 temps partag\u00e9 int\u00e9gr\u00e9 au sein de votre entreprise<\/li>\n\n\n\n<li>Manager de transition en l&#8217;attente d&#8217;un recrutement p\u00e9renne<\/li>\n\n\n\n<li>Mission de conseil &#8220;classique&#8221;<\/li>\n\n\n\n<li>Audit<\/li>\n<\/ul>\n\n\n\n<div class=\"wp-block-buttons is-layout-flex wp-block-buttons-is-layout-flex\"><\/div>\n<\/div>\n\n\n\n<div class=\"wp-block-column is-layout-flow wp-block-column-is-layout-flow\">\n<p><strong>Large th\u00e9matique de missions avec l&#8217;approche d&#8217;un chef d&#8217;entreprise<\/strong><\/p>\n\n\n\n<ul class=\"wp-block-list\">\n<li>Direction g\u00e9n\u00e9rale<\/li>\n\n\n\n<li>Manager d&#8217;une BU, ou d&#8217;un projet<\/li>\n\n\n\n<li>Mission Organisation<\/li>\n\n\n\n<li>Mission Strat\u00e9gie<\/li>\n\n\n\n<li>Accompagnement cr\u00e9ation nouvelle activit\u00e9<\/li>\n\n\n\n<li>Accompagnement cession &amp; acquisition<\/li>\n<\/ul>\n<\/div>\n<\/div>\n\n\n\n<div class=\"wp-block-buttons is-layout-flex wp-block-buttons-is-layout-flex\">\n<div class=\"wp-block-button has-custom-width wp-block-button__width-100\"><a class=\"wp-block-button__link wp-element-button\" href=\"https:\/\/caralia.fr\/index.php\/missions\/missions-conseil-freelance\/\">En savoir plus sur les missions<\/a><\/div>\n<\/div>\n\n\n\n<p><\/p>\n","protected":false},"excerpt":{"rendered":"<p>Mission de Conseil, audit, ou Manager Freelance \u00e0 temps partag\u00e9 : j\u2019interviens avec pragmatisme et proximit\u00e9, engag\u00e9 vers le succ\u00e8s de la mission.CARALIA vous accompagne : Mode d&#8217;intervention flexible Large th\u00e9matique de missions avec l&#8217;approche d&#8217;un chef d&#8217;entreprise<\/p>\n","protected":false},"author":1,"featured_media":50,"parent":0,"menu_order":0,"comment_status":"closed","ping_status":"closed","template":"","meta":{"footnotes":""},"class_list":["post-11","page","type-page","status-publish","has-post-thumbnail","hentry"],"yoast_head":"<!-- This site is optimized with the Yoast SEO plugin v27.2 - https:\/\/yoast.com\/product\/yoast-seo-wordpress\/ -->\n<title>Missions - CARALIA conseil, audit, manager freelance<\/title>\n<meta name=\"description\" content=\"Mission de Caralia - conseil en gestion d&#039;entreprise, organisation, strat\u00e9gie, audit. Manager freelance. Chamb\u00e9ry, Savoie, Annecy, Grenoble.\" \/>\n<meta name=\"robots\" content=\"index, follow, max-snippet:-1, max-image-preview:large, max-video-preview:-1\" \/>\n<link rel=\"canonical\" href=\"https:\/\/caralia.fr\/index.php\/missions\/\" \/>\n<meta property=\"og:locale\" content=\"en_US\" \/>\n<meta property=\"og:type\" content=\"article\" \/>\n<meta property=\"og:title\" content=\"Missions - CARALIA conseil, audit, manager freelance\" \/>\n<meta property=\"og:description\" content=\"Mission de Caralia - conseil en gestion d&#039;entreprise, organisation, strat\u00e9gie, audit. Manager freelance. Chamb\u00e9ry, Savoie, Annecy, Grenoble.\" \/>\n<meta property=\"og:url\" content=\"https:\/\/caralia.fr\/index.php\/missions\/\" \/>\n<meta property=\"og:site_name\" content=\"CARALIA\" \/>\n<meta property=\"article:modified_time\" content=\"2024-11-12T14:00:31+00:00\" \/>\n<meta property=\"og:image\" content=\"https:\/\/caralia.fr\/wp-content\/uploads\/2024\/10\/cropped-phare-direction-conseil.jpg\" \/>\n\t<meta property=\"og:image:width\" content=\"2000\" \/>\n\t<meta property=\"og:image:height\" content=\"1197\" \/>\n\t<meta property=\"og:image:type\" content=\"image\/jpeg\" \/>\n<meta name=\"twitter:card\" content=\"summary_large_image\" \/>\n<meta name=\"twitter:label1\" content=\"Est. reading time\" \/>\n\t<meta name=\"twitter:data1\" content=\"1 minute\" \/>\n<script type=\"application\/ld+json\" class=\"yoast-schema-graph\">{\"@context\":\"https:\/\/schema.org\",\"@graph\":[{\"@type\":\"WebPage\",\"@id\":\"https:\/\/caralia.fr\/index.php\/missions\/\",\"url\":\"https:\/\/caralia.fr\/index.php\/missions\/\",\"name\":\"Missions - CARALIA conseil, audit, manager freelance\",\"isPartOf\":{\"@id\":\"https:\/\/caralia.fr\/#website\"},\"primaryImageOfPage\":{\"@id\":\"https:\/\/caralia.fr\/index.php\/missions\/#primaryimage\"},\"image\":{\"@id\":\"https:\/\/caralia.fr\/index.php\/missions\/#primaryimage\"},\"thumbnailUrl\":\"https:\/\/caralia.fr\/wp-content\/uploads\/2024\/10\/cropped-phare-direction-conseil.jpg\",\"datePublished\":\"2024-10-02T08:22:11+00:00\",\"dateModified\":\"2024-11-12T14:00:31+00:00\",\"description\":\"Mission de Caralia - conseil en gestion d'entreprise, organisation, strat\u00e9gie, audit. Manager freelance. Chamb\u00e9ry, Savoie, Annecy, Grenoble.\",\"breadcrumb\":{\"@id\":\"https:\/\/caralia.fr\/index.php\/missions\/#breadcrumb\"},\"inLanguage\":\"en-US\",\"potentialAction\":[{\"@type\":\"ReadAction\",\"target\":[\"https:\/\/caralia.fr\/index.php\/missions\/\"]}]},{\"@type\":\"ImageObject\",\"inLanguage\":\"en-US\",\"@id\":\"https:\/\/caralia.fr\/index.php\/missions\/#primaryimage\",\"url\":\"https:\/\/caralia.fr\/wp-content\/uploads\/2024\/10\/cropped-phare-direction-conseil.jpg\",\"contentUrl\":\"https:\/\/caralia.fr\/wp-content\/uploads\/2024\/10\/cropped-phare-direction-conseil.jpg\",\"width\":2000,\"height\":1197,\"caption\":\"phare-direction-conseil-guide\"},{\"@type\":\"BreadcrumbList\",\"@id\":\"https:\/\/caralia.fr\/index.php\/missions\/#breadcrumb\",\"itemListElement\":[{\"@type\":\"ListItem\",\"position\":1,\"name\":\"Accueil\",\"item\":\"https:\/\/caralia.fr\/\"},{\"@type\":\"ListItem\",\"position\":2,\"name\":\"Missions\"}]},{\"@type\":\"WebSite\",\"@id\":\"https:\/\/caralia.fr\/#website\",\"url\":\"https:\/\/caralia.fr\/\",\"name\":\"CARALIA, conseil en gestion d'entreprise, organisation, strat\u00e9gie, audit. Management de transition. Chamb\u00e9ry, Annecy, Grenoble.\",\"description\":\"Conseil, Audit, Manager freelance\",\"publisher\":{\"@id\":\"https:\/\/caralia.fr\/#organization\"},\"alternateName\":\"CARALIA, conseil, audit, manager\",\"potentialAction\":[{\"@type\":\"SearchAction\",\"target\":{\"@type\":\"EntryPoint\",\"urlTemplate\":\"https:\/\/caralia.fr\/?s={search_term_string}\"},\"query-input\":{\"@type\":\"PropertyValueSpecification\",\"valueRequired\":true,\"valueName\":\"search_term_string\"}}],\"inLanguage\":\"en-US\"},{\"@type\":\"Organization\",\"@id\":\"https:\/\/caralia.fr\/#organization\",\"name\":\"CARALIA\",\"url\":\"https:\/\/caralia.fr\/\",\"logo\":{\"@type\":\"ImageObject\",\"inLanguage\":\"en-US\",\"@id\":\"https:\/\/caralia.fr\/#\/schema\/logo\/image\/\",\"url\":\"https:\/\/caralia.fr\/wp-content\/uploads\/2024\/10\/cropped-cropped-icone-site-caralia-blanc-1.jpg\",\"contentUrl\":\"https:\/\/caralia.fr\/wp-content\/uploads\/2024\/10\/cropped-cropped-icone-site-caralia-blanc-1.jpg\",\"width\":250,\"height\":250,\"caption\":\"CARALIA\"},\"image\":{\"@id\":\"https:\/\/caralia.fr\/#\/schema\/logo\/image\/\"},\"sameAs\":[\"https:\/\/www.linkedin.com\/in\/nicolas-aliacar-4922266\/\"]}]}<\/script>\n<!-- \/ Yoast SEO plugin. -->","yoast_head_json":{"title":"Missions - CARALIA conseil, audit, manager freelance","description":"Mission de Caralia - conseil en gestion d'entreprise, organisation, strat\u00e9gie, audit. Manager freelance. Chamb\u00e9ry, Savoie, Annecy, Grenoble.","robots":{"index":"index","follow":"follow","max-snippet":"max-snippet:-1","max-image-preview":"max-image-preview:large","max-video-preview":"max-video-preview:-1"},"canonical":"https:\/\/caralia.fr\/index.php\/missions\/","og_locale":"en_US","og_type":"article","og_title":"Missions - CARALIA conseil, audit, manager freelance","og_description":"Mission de Caralia - conseil en gestion d'entreprise, organisation, strat\u00e9gie, audit. Manager freelance. Chamb\u00e9ry, Savoie, Annecy, Grenoble.","og_url":"https:\/\/caralia.fr\/index.php\/missions\/","og_site_name":"CARALIA","article_modified_time":"2024-11-12T14:00:31+00:00","og_image":[{"width":2000,"height":1197,"url":"https:\/\/caralia.fr\/wp-content\/uploads\/2024\/10\/cropped-phare-direction-conseil.jpg","type":"image\/jpeg"}],"twitter_card":"summary_large_image","twitter_misc":{"Est. reading time":"1 minute"},"schema":{"@context":"https:\/\/schema.org","@graph":[{"@type":"WebPage","@id":"https:\/\/caralia.fr\/index.php\/missions\/","url":"https:\/\/caralia.fr\/index.php\/missions\/","name":"Missions - CARALIA conseil, audit, manager freelance","isPartOf":{"@id":"https:\/\/caralia.fr\/#website"},"primaryImageOfPage":{"@id":"https:\/\/caralia.fr\/index.php\/missions\/#primaryimage"},"image":{"@id":"https:\/\/caralia.fr\/index.php\/missions\/#primaryimage"},"thumbnailUrl":"https:\/\/caralia.fr\/wp-content\/uploads\/2024\/10\/cropped-phare-direction-conseil.jpg","datePublished":"2024-10-02T08:22:11+00:00","dateModified":"2024-11-12T14:00:31+00:00","description":"Mission de Caralia - conseil en gestion d'entreprise, organisation, strat\u00e9gie, audit. Manager freelance. Chamb\u00e9ry, Savoie, Annecy, Grenoble.","breadcrumb":{"@id":"https:\/\/caralia.fr\/index.php\/missions\/#breadcrumb"},"inLanguage":"en-US","potentialAction":[{"@type":"ReadAction","target":["https:\/\/caralia.fr\/index.php\/missions\/"]}]},{"@type":"ImageObject","inLanguage":"en-US","@id":"https:\/\/caralia.fr\/index.php\/missions\/#primaryimage","url":"https:\/\/caralia.fr\/wp-content\/uploads\/2024\/10\/cropped-phare-direction-conseil.jpg","contentUrl":"https:\/\/caralia.fr\/wp-content\/uploads\/2024\/10\/cropped-phare-direction-conseil.jpg","width":2000,"height":1197,"caption":"phare-direction-conseil-guide"},{"@type":"BreadcrumbList","@id":"https:\/\/caralia.fr\/index.php\/missions\/#breadcrumb","itemListElement":[{"@type":"ListItem","position":1,"name":"Accueil","item":"https:\/\/caralia.fr\/"},{"@type":"ListItem","position":2,"name":"Missions"}]},{"@type":"WebSite","@id":"https:\/\/caralia.fr\/#website","url":"https:\/\/caralia.fr\/","name":"CARALIA, conseil en gestion d'entreprise, organisation, strat\u00e9gie, audit. Management de transition. Chamb\u00e9ry, Annecy, Grenoble.","description":"Conseil, Audit, Manager freelance","publisher":{"@id":"https:\/\/caralia.fr\/#organization"},"alternateName":"CARALIA, conseil, audit, manager","potentialAction":[{"@type":"SearchAction","target":{"@type":"EntryPoint","urlTemplate":"https:\/\/caralia.fr\/?s={search_term_string}"},"query-input":{"@type":"PropertyValueSpecification","valueRequired":true,"valueName":"search_term_string"}}],"inLanguage":"en-US"},{"@type":"Organization","@id":"https:\/\/caralia.fr\/#organization","name":"CARALIA","url":"https:\/\/caralia.fr\/","logo":{"@type":"ImageObject","inLanguage":"en-US","@id":"https:\/\/caralia.fr\/#\/schema\/logo\/image\/","url":"https:\/\/caralia.fr\/wp-content\/uploads\/2024\/10\/cropped-cropped-icone-site-caralia-blanc-1.jpg","contentUrl":"https:\/\/caralia.fr\/wp-content\/uploads\/2024\/10\/cropped-cropped-icone-site-caralia-blanc-1.jpg","width":250,"height":250,"caption":"CARALIA"},"image":{"@id":"https:\/\/caralia.fr\/#\/schema\/logo\/image\/"},"sameAs":["https:\/\/www.linkedin.com\/in\/nicolas-aliacar-4922266\/"]}]}},"_links":{"self":[{"href":"https:\/\/caralia.fr\/index.php\/wp-json\/wp\/v2\/pages\/11","targetHints":{"allow":["GET"]}}],"collection":[{"href":"https:\/\/caralia.fr\/index.php\/wp-json\/wp\/v2\/pages"}],"about":[{"href":"https:\/\/caralia.fr\/index.php\/wp-json\/wp\/v2\/types\/page"}],"author":[{"embeddable":true,"href":"https:\/\/caralia.fr\/index.php\/wp-json\/wp\/v2\/users\/1"}],"replies":[{"embeddable":true,"href":"https:\/\/caralia.fr\/index.php\/wp-json\/wp\/v2\/comments?post=11"}],"version-history":[{"count":21,"href":"https:\/\/caralia.fr\/index.php\/wp-json\/wp\/v2\/pages\/11\/revisions"}],"predecessor-version":[{"id":296,"href":"https:\/\/caralia.fr\/index.php\/wp-json\/wp\/v2\/pages\/11\/revisions\/296"}],"wp:featuredmedia":[{"embeddable":true,"href":"https:\/\/caralia.fr\/index.php\/wp-json\/wp\/v2\/media\/50"}],"wp:attachment":[{"href":"https:\/\/caralia.fr\/index.php\/wp-json\/wp\/v2\/media?parent=11"}],"curies":[{"name":"wp","href":"https:\/\/api.w.org\/{rel}","templated":true}]}}