{"id":10,"date":"2024-10-02T10:22:11","date_gmt":"2024-10-02T08:22:11","guid":{"rendered":"http:\/\/caralia.fr\/?page_id=10"},"modified":"2025-01-16T10:21:25","modified_gmt":"2025-01-16T09:21:25","slug":"accueil-conseil-audit-manager-freelance","status":"publish","type":"page","link":"https:\/\/caralia.fr\/","title":{"rendered":"Accueil"},"content":{"rendered":"\n<p>CARALIA vous accompagne pour optimiser la gestion, l&#8217;organisation et la strat\u00e9gie de votre entreprise.<\/p>\n\n\n\n<p>Mission de Conseil, audit, ou manager freelance \u00e0 temps partag\u00e9 int\u00e9gr\u00e9 dans votre entreprise : j\u2019interviens avec pragmatisme et proximit\u00e9, engag\u00e9 vers le succ\u00e8s de la mission.<\/p>\n\n\n\n<figure class=\"wp-block-table\"><table class=\"has-fixed-layout\"><tbody><tr><td><strong>Optimiser vos process pour gagner en performance<\/strong>.<br>Votre organisation, vos outils, vos modes op\u00e9ratoires sont \u00e0 revoir ?<\/td><td><strong>Mettre en oeuvre un outil de pilotage et cr\u00e9er un CODIR. L&#8217;animer.<\/strong><br>Votre suivi n&#8217;est pas assez performant, fluide ou robuste ?<\/td><\/tr><tr><td><strong>Permettre la r\u00e9ussite d&#8217;un nouveau projet structurant.<\/strong><br>Besoin d&#8217;une expertise dans le pilotage ou besoin de vous d\u00e9gager du temps ?<\/td><td><strong>Anticiper et ajuster votre strat\u00e9gie pour se pr\u00e9parer au futur.<\/strong><br>Le march\u00e9 \u00e9volue ? Cr\u00e9ation d&#8217;un nouveau business ? Acquisition ou cession ? <\/td><\/tr><\/tbody><\/table><\/figure>\n\n\n\n<div class=\"wp-block-columns is-layout-flex wp-container-core-columns-is-layout-9d6595d7 wp-block-columns-is-layout-flex\">\n<div class=\"wp-block-column is-layout-flow wp-block-column-is-layout-flow\" style=\"flex-basis:33.33%\">\n<p><strong>Interventions sur mesure :<\/strong><\/p>\n<\/div>\n\n\n\n<div class=\"wp-block-column is-layout-flow wp-block-column-is-layout-flow\" style=\"flex-basis:66.66%\">\n<ul class=\"wp-block-list\">\n<li>Accompagnement r\u00e9gulier en manager \u00e0 temps partag\u00e9 int\u00e9gr\u00e9 \u00e0 vos \u00e9quipes<\/li>\n\n\n\n<li>Mission de conseil \/ audit ponctuelle<\/li>\n<\/ul>\n<\/div>\n<\/div>\n\n\n\n<div class=\"wp-block-columns is-layout-flex wp-container-core-columns-is-layout-9d6595d7 wp-block-columns-is-layout-flex\">\n<div class=\"wp-block-column is-layout-flow wp-block-column-is-layout-flow\">\n<p><strong>Ancien dirigeant de PME, je comprends vos probl\u00e9matiques<\/strong>.<\/p>\n<\/div>\n\n\n\n<div class=\"wp-block-column is-layout-flow wp-block-column-is-layout-flow\">\n<div class=\"wp-block-media-text\" style=\"grid-template-columns:15% auto\"><figure class=\"wp-block-media-text__media\"><a href=\"https:\/\/caralia.fr\/index.php\/profil\/\"><img loading=\"lazy\" decoding=\"async\" width=\"300\" height=\"450\" src=\"https:\/\/caralia.fr\/wp-content\/uploads\/2024\/10\/photo-Nicolas-Aliacar-5.jpg\" alt=\"\" class=\"wp-image-72 size-full\" srcset=\"https:\/\/caralia.fr\/wp-content\/uploads\/2024\/10\/photo-Nicolas-Aliacar-5.jpg 300w, https:\/\/caralia.fr\/wp-content\/uploads\/2024\/10\/photo-Nicolas-Aliacar-5-200x300.jpg 200w\" sizes=\"auto, (max-width: 300px) 100vw, 300px\" \/><\/a><\/figure><div class=\"wp-block-media-text__content\">\n<p class=\"has-luminous-vivid-orange-color has-text-color has-link-color wp-elements-9c1dcff52d4b2e81a4d203467e4c685e\"><a href=\"https:\/\/caralia.fr\/index.php\/profil\/\">Profil Consultant Nicolas Aliacar<\/a><\/p>\n<\/div><\/div>\n<\/div>\n<\/div>\n\n\n\n<div class=\"wp-block-columns is-layout-flex wp-container-core-columns-is-layout-9d6595d7 wp-block-columns-is-layout-flex\">\n<div class=\"wp-block-column is-layout-flow wp-block-column-is-layout-flow\">\n<p class=\"has-luminous-vivid-orange-color has-text-color has-link-color wp-elements-a8d8526c3e2d7ab7d7abd5952ede3808\"><a href=\"https:\/\/caralia.fr\/index.php\/missions\/\">Voir les missions propos\u00e9es<\/a><\/p>\n<\/div>\n\n\n\n<div class=\"wp-block-column is-layout-flow wp-block-column-is-layout-flow\">\n<p class=\"has-luminous-vivid-orange-color has-text-color has-link-color wp-elements-c93117442e8232335f8ef155a24e7a1b\"><a href=\"https:\/\/caralia.fr\/index.php\/contact\/\">Contactez CARALIA !<\/a><\/p>\n<\/div>\n<\/div>\n\n\n\n<div class=\"wp-block-media-text\" style=\"grid-template-columns:24% auto\"><figure class=\"wp-block-media-text__media\"><a href=\"https:\/\/www.reseau-entreprendre.org\/savoie\/\" target=\"_blank\" rel=\"noreferrer noopener\"><img loading=\"lazy\" decoding=\"async\" width=\"1024\" height=\"266\" src=\"https:\/\/caralia.fr\/wp-content\/uploads\/2024\/10\/71_logo_re_couleur_savoie-cropped-1024x266.png\" alt=\"\" class=\"wp-image-181 size-full\" srcset=\"https:\/\/caralia.fr\/wp-content\/uploads\/2024\/10\/71_logo_re_couleur_savoie-cropped-1024x266.png 1024w, https:\/\/caralia.fr\/wp-content\/uploads\/2024\/10\/71_logo_re_couleur_savoie-cropped-300x78.png 300w, https:\/\/caralia.fr\/wp-content\/uploads\/2024\/10\/71_logo_re_couleur_savoie-cropped-768x199.png 768w, https:\/\/caralia.fr\/wp-content\/uploads\/2024\/10\/71_logo_re_couleur_savoie-cropped-1536x398.png 1536w, https:\/\/caralia.fr\/wp-content\/uploads\/2024\/10\/71_logo_re_couleur_savoie-cropped.png 1928w\" sizes=\"auto, (max-width: 767px) 89vw, (max-width: 1000px) 54vw, (max-width: 1071px) 543px, 580px\" \/><\/a><\/figure><div class=\"wp-block-media-text__content\">\n<p>Nicolas Aliacar membre de R\u00e9seau Entreprendre Savoie<\/p>\n<\/div><\/div>\n\n\n\n<p><\/p>\n","protected":false},"excerpt":{"rendered":"<p>CARALIA vous accompagne pour optimiser la gestion, l&#8217;organisation et la strat\u00e9gie de votre entreprise. Mission de Conseil, audit, ou manager freelance \u00e0 temps partag\u00e9 int\u00e9gr\u00e9 dans votre entreprise : j\u2019interviens avec pragmatisme et proximit\u00e9, engag\u00e9 vers le succ\u00e8s de la mission. Optimiser vos process pour gagner en performance.Votre organisation, vos outils, vos modes op\u00e9ratoires sont &hellip; <\/p>\n<p class=\"link-more\"><a href=\"https:\/\/caralia.fr\/\" class=\"more-link\">Continue reading<span class=\"screen-reader-text\"> &#8220;Accueil&#8221;<\/span><\/a><\/p>\n","protected":false},"author":1,"featured_media":0,"parent":0,"menu_order":0,"comment_status":"closed","ping_status":"closed","template":"","meta":{"footnotes":""},"class_list":["post-10","page","type-page","status-publish","hentry"],"yoast_head":"<!-- This site is optimized with the Yoast SEO plugin v27.2 - https:\/\/yoast.com\/product\/yoast-seo-wordpress\/ -->\n<title>CARALIA conseil, audit, manager freelance.<\/title>\n<meta name=\"description\" content=\"Caralia - conseil en gestion d&#039;entreprise, organisation, strat\u00e9gie, audit. Manager freelance. Chamb\u00e9ry, Savoie, Annecy, Grenoble.\" \/>\n<meta name=\"robots\" content=\"index, follow, max-snippet:-1, max-image-preview:large, max-video-preview:-1\" \/>\n<link rel=\"canonical\" href=\"https:\/\/caralia.fr\/\" \/>\n<meta property=\"og:locale\" content=\"en_US\" \/>\n<meta property=\"og:type\" content=\"article\" \/>\n<meta property=\"og:title\" content=\"CARALIA\" \/>\n<meta property=\"og:description\" content=\"Conseil en gestion d&#039;entreprise, audit, manager freelance\" \/>\n<meta property=\"og:url\" content=\"https:\/\/caralia.fr\/\" \/>\n<meta property=\"og:site_name\" content=\"CARALIA\" \/>\n<meta property=\"article:modified_time\" content=\"2025-01-16T09:21:25+00:00\" \/>\n<meta property=\"og:image\" content=\"https:\/\/caralia.fr\/wp-content\/uploads\/2024\/10\/icone-site-caralia-blanc.jpg\" \/>\n\t<meta property=\"og:image:width\" content=\"1024\" \/>\n\t<meta property=\"og:image:height\" content=\"1024\" \/>\n\t<meta property=\"og:image:type\" content=\"image\/jpeg\" \/>\n<meta name=\"twitter:card\" content=\"summary_large_image\" \/>\n<meta name=\"twitter:label1\" content=\"Est. reading time\" \/>\n\t<meta name=\"twitter:data1\" content=\"2 minutes\" \/>\n<script type=\"application\/ld+json\" class=\"yoast-schema-graph\">{\"@context\":\"https:\/\/schema.org\",\"@graph\":[{\"@type\":\"WebPage\",\"@id\":\"https:\/\/caralia.fr\/\",\"url\":\"https:\/\/caralia.fr\/\",\"name\":\"CARALIA conseil, audit, manager freelance.\",\"isPartOf\":{\"@id\":\"https:\/\/caralia.fr\/#website\"},\"primaryImageOfPage\":{\"@id\":\"https:\/\/caralia.fr\/#primaryimage\"},\"image\":{\"@id\":\"https:\/\/caralia.fr\/#primaryimage\"},\"thumbnailUrl\":\"https:\/\/caralia.fr\/wp-content\/uploads\/2024\/10\/photo-Nicolas-Aliacar-5.jpg\",\"datePublished\":\"2024-10-02T08:22:11+00:00\",\"dateModified\":\"2025-01-16T09:21:25+00:00\",\"description\":\"Caralia - conseil en gestion d'entreprise, organisation, strat\u00e9gie, audit. Manager freelance. Chamb\u00e9ry, Savoie, Annecy, Grenoble.\",\"breadcrumb\":{\"@id\":\"https:\/\/caralia.fr\/#breadcrumb\"},\"inLanguage\":\"en-US\",\"potentialAction\":[{\"@type\":\"ReadAction\",\"target\":[\"https:\/\/caralia.fr\/\"]}]},{\"@type\":\"ImageObject\",\"inLanguage\":\"en-US\",\"@id\":\"https:\/\/caralia.fr\/#primaryimage\",\"url\":\"https:\/\/caralia.fr\/wp-content\/uploads\/2024\/10\/photo-Nicolas-Aliacar-5.jpg\",\"contentUrl\":\"https:\/\/caralia.fr\/wp-content\/uploads\/2024\/10\/photo-Nicolas-Aliacar-5.jpg\",\"width\":300,\"height\":450},{\"@type\":\"BreadcrumbList\",\"@id\":\"https:\/\/caralia.fr\/#breadcrumb\",\"itemListElement\":[{\"@type\":\"ListItem\",\"position\":1,\"name\":\"Accueil\",\"item\":\"https:\/\/caralia.fr\/\"},{\"@type\":\"ListItem\",\"position\":2,\"name\":\"Accueil\"}]},{\"@type\":\"WebSite\",\"@id\":\"https:\/\/caralia.fr\/#website\",\"url\":\"https:\/\/caralia.fr\/\",\"name\":\"CARALIA, conseil en gestion d'entreprise, organisation, strat\u00e9gie, audit. Management de transition. Chamb\u00e9ry, Annecy, Grenoble.\",\"description\":\"Conseil, Audit, Manager freelance\",\"publisher\":{\"@id\":\"https:\/\/caralia.fr\/#organization\"},\"alternateName\":\"CARALIA, conseil, audit, manager\",\"potentialAction\":[{\"@type\":\"SearchAction\",\"target\":{\"@type\":\"EntryPoint\",\"urlTemplate\":\"https:\/\/caralia.fr\/?s={search_term_string}\"},\"query-input\":{\"@type\":\"PropertyValueSpecification\",\"valueRequired\":true,\"valueName\":\"search_term_string\"}}],\"inLanguage\":\"en-US\"},{\"@type\":\"Organization\",\"@id\":\"https:\/\/caralia.fr\/#organization\",\"name\":\"CARALIA\",\"url\":\"https:\/\/caralia.fr\/\",\"logo\":{\"@type\":\"ImageObject\",\"inLanguage\":\"en-US\",\"@id\":\"https:\/\/caralia.fr\/#\/schema\/logo\/image\/\",\"url\":\"https:\/\/caralia.fr\/wp-content\/uploads\/2024\/10\/cropped-cropped-icone-site-caralia-blanc-1.jpg\",\"contentUrl\":\"https:\/\/caralia.fr\/wp-content\/uploads\/2024\/10\/cropped-cropped-icone-site-caralia-blanc-1.jpg\",\"width\":250,\"height\":250,\"caption\":\"CARALIA\"},\"image\":{\"@id\":\"https:\/\/caralia.fr\/#\/schema\/logo\/image\/\"},\"sameAs\":[\"https:\/\/www.linkedin.com\/in\/nicolas-aliacar-4922266\/\"]}]}<\/script>\n<!-- \/ Yoast SEO plugin. -->","yoast_head_json":{"title":"CARALIA conseil, audit, manager freelance.","description":"Caralia - conseil en gestion d'entreprise, organisation, strat\u00e9gie, audit. Manager freelance. Chamb\u00e9ry, Savoie, Annecy, Grenoble.","robots":{"index":"index","follow":"follow","max-snippet":"max-snippet:-1","max-image-preview":"max-image-preview:large","max-video-preview":"max-video-preview:-1"},"canonical":"https:\/\/caralia.fr\/","og_locale":"en_US","og_type":"article","og_title":"CARALIA","og_description":"Conseil en gestion d'entreprise, audit, manager freelance","og_url":"https:\/\/caralia.fr\/","og_site_name":"CARALIA","article_modified_time":"2025-01-16T09:21:25+00:00","og_image":[{"width":1024,"height":1024,"url":"https:\/\/caralia.fr\/wp-content\/uploads\/2024\/10\/icone-site-caralia-blanc.jpg","type":"image\/jpeg"}],"twitter_card":"summary_large_image","twitter_misc":{"Est. reading time":"2 minutes"},"schema":{"@context":"https:\/\/schema.org","@graph":[{"@type":"WebPage","@id":"https:\/\/caralia.fr\/","url":"https:\/\/caralia.fr\/","name":"CARALIA conseil, audit, manager freelance.","isPartOf":{"@id":"https:\/\/caralia.fr\/#website"},"primaryImageOfPage":{"@id":"https:\/\/caralia.fr\/#primaryimage"},"image":{"@id":"https:\/\/caralia.fr\/#primaryimage"},"thumbnailUrl":"https:\/\/caralia.fr\/wp-content\/uploads\/2024\/10\/photo-Nicolas-Aliacar-5.jpg","datePublished":"2024-10-02T08:22:11+00:00","dateModified":"2025-01-16T09:21:25+00:00","description":"Caralia - conseil en gestion d'entreprise, organisation, strat\u00e9gie, audit. Manager freelance. Chamb\u00e9ry, Savoie, Annecy, Grenoble.","breadcrumb":{"@id":"https:\/\/caralia.fr\/#breadcrumb"},"inLanguage":"en-US","potentialAction":[{"@type":"ReadAction","target":["https:\/\/caralia.fr\/"]}]},{"@type":"ImageObject","inLanguage":"en-US","@id":"https:\/\/caralia.fr\/#primaryimage","url":"https:\/\/caralia.fr\/wp-content\/uploads\/2024\/10\/photo-Nicolas-Aliacar-5.jpg","contentUrl":"https:\/\/caralia.fr\/wp-content\/uploads\/2024\/10\/photo-Nicolas-Aliacar-5.jpg","width":300,"height":450},{"@type":"BreadcrumbList","@id":"https:\/\/caralia.fr\/#breadcrumb","itemListElement":[{"@type":"ListItem","position":1,"name":"Accueil","item":"https:\/\/caralia.fr\/"},{"@type":"ListItem","position":2,"name":"Accueil"}]},{"@type":"WebSite","@id":"https:\/\/caralia.fr\/#website","url":"https:\/\/caralia.fr\/","name":"CARALIA, conseil en gestion d'entreprise, organisation, strat\u00e9gie, audit. Management de transition. Chamb\u00e9ry, Annecy, Grenoble.","description":"Conseil, Audit, Manager freelance","publisher":{"@id":"https:\/\/caralia.fr\/#organization"},"alternateName":"CARALIA, conseil, audit, manager","potentialAction":[{"@type":"SearchAction","target":{"@type":"EntryPoint","urlTemplate":"https:\/\/caralia.fr\/?s={search_term_string}"},"query-input":{"@type":"PropertyValueSpecification","valueRequired":true,"valueName":"search_term_string"}}],"inLanguage":"en-US"},{"@type":"Organization","@id":"https:\/\/caralia.fr\/#organization","name":"CARALIA","url":"https:\/\/caralia.fr\/","logo":{"@type":"ImageObject","inLanguage":"en-US","@id":"https:\/\/caralia.fr\/#\/schema\/logo\/image\/","url":"https:\/\/caralia.fr\/wp-content\/uploads\/2024\/10\/cropped-cropped-icone-site-caralia-blanc-1.jpg","contentUrl":"https:\/\/caralia.fr\/wp-content\/uploads\/2024\/10\/cropped-cropped-icone-site-caralia-blanc-1.jpg","width":250,"height":250,"caption":"CARALIA"},"image":{"@id":"https:\/\/caralia.fr\/#\/schema\/logo\/image\/"},"sameAs":["https:\/\/www.linkedin.com\/in\/nicolas-aliacar-4922266\/"]}]}},"_links":{"self":[{"href":"https:\/\/caralia.fr\/index.php\/wp-json\/wp\/v2\/pages\/10","targetHints":{"allow":["GET"]}}],"collection":[{"href":"https:\/\/caralia.fr\/index.php\/wp-json\/wp\/v2\/pages"}],"about":[{"href":"https:\/\/caralia.fr\/index.php\/wp-json\/wp\/v2\/types\/page"}],"author":[{"embeddable":true,"href":"https:\/\/caralia.fr\/index.php\/wp-json\/wp\/v2\/users\/1"}],"replies":[{"embeddable":true,"href":"https:\/\/caralia.fr\/index.php\/wp-json\/wp\/v2\/comments?post=10"}],"version-history":[{"count":50,"href":"https:\/\/caralia.fr\/index.php\/wp-json\/wp\/v2\/pages\/10\/revisions"}],"predecessor-version":[{"id":313,"href":"https:\/\/caralia.fr\/index.php\/wp-json\/wp\/v2\/pages\/10\/revisions\/313"}],"wp:attachment":[{"href":"https:\/\/caralia.fr\/index.php\/wp-json\/wp\/v2\/media?parent=10"}],"curies":[{"name":"wp","href":"https:\/\/api.w.org\/{rel}","templated":true}]}}